et u(y) = y**3 + 3*y**2 - y - 14. What is u(-3)?
-11
Let c(k) = -2*k**2 - 4*k + 7. Determine c(-4).
-9
Let x(c) = c**2 + 36*c + 104. Calculate x(-3).
5
Let t(r) = -r**2 - 2*r + 6. Determine t(-6).
-18
Let v(c) = 2*c**2 - 5*c + 13. What is v(-3)?
46
Let n(i) = -i**3 - 3*i**2 - 2. Calculate n(-3).
-2
Let j(u) = -3*u**2 - u + 1. Give j(-2).
-9
Let t(q) = -4*q**3 + 34*q**2 - 17*q + 15. Give t(8).
7
Let y(c) = 2*c**2 + 63*c - 82. Give y(-33).
17
Let m(a) = -54*a - 112. Determine m(-2).
-4
Let j(f) = -10*f + 29. What is j(6)?
-31
Let r(z) = z**3 + 16*z**2 + 18*z + 55. Calculate r(-15).
10
Let w(d) = 4*d**2 - 25*d + 31. Determine w(5).
6
Let h(y) = -y - 27. What is h(-17)?
-10
Let g(j) = 5*j - 2. Determine g(0).
-2
Let w(r) = 3*r + 13. Calculate w(-9).
-14
Let m(v) = -54*v**2 + 8*v + 7. Give m(-1).
-55
Let n(q) = q**2 + 5*q - 4. Determine n(6).
62
Let v(p) = 3*p + 3. Determine v(-1).
0
Let l(b) = -2*b**3 - 22*b**2 - 7*b - 12. Give l(-10).
-142
Let d(c) = -c**3 + 5*c**2 - c - 1. Determine d(2).
9
Let j(a) = -5*a**2 + 2*a - 3. Calculate j(2).
-19
Let k(d) = -d**2 - 4*d + 79. What is k(-10)?
19
Let u(a) = a**3 - 5*a**2 + 3*a - 48. Give u(7).
71
Let m(j) = j**2 - 7*j - 4. What is m(7)?
-4
Let q(f) = -f**3 + 11*f**2 - f - 18. Calculate q(11).
-29
Let r(g) = -g**2 - 10*g + 35. Give r(-13).
-4
Let m(w) = w**2 + 18*w + 53. What is m(-14)?
-3
Let l(h) = -h**3 - 12*h**2 - 5*h - 13. Give l(-12).
47
Let x(h) = 7*h + 6. What is x(1)?
13
Let l(i) = -i**3 - 11*i**2 - 8. Calculate l(-11).
-8
Let v(f) = 4*f + 23. Determine v(-10).
-17
Let n(b) = 11*b + 87. Give n(-7).
10
Let d(h) = h**3 - 3*h**2 + 2*h - 8. Determine d(4).
16
Let m(l) = -l**2 + l + 3. What is m(-2)?
-3
Let r(z) = -z**3 - 11*z**2 - 20*z - 3. Calculate r(-9).
15
Let o(i) = i**3 + 7*i**2 + 3*i - 3. What is o(-5)?
32
Let g(h) = -h**2 - 37*h + 647. Calculate g(-50).
-3
Let z(o) = -2*o**3 - 13*o**2 + 13. What is z(-6)?
-23
Let f(n) = n**2 - 20*n + 20. Give f(18).
-16
Let j(v) = 2*v + 3. Give j(-6).
-9
Let v(u) = -3*u - 28. Give v(-10).
2
Let h(p) = 2*p**3 + 4*p**2 - 8*p - 22. What is h(-2)?
-6
Let f(y) = -3*y + 27. Give f(8).
3
Let a(w) = -49*w - 194. Determine a(-4).
2
Let l(c) = -3*c**3 + 3*c**2 + 7*c - 8. Calculate l(3).
-41
Let r(j) = -j**2 + 21*j - 23. What is r(13)?
81
Let b(p) = -p**2 + 21*p + 25. Determine b(22).
3
Let m(k) = -13*k - 4. What is m(4)?
-56
Let h(v) = -v**3 - 9*v**2 - 7. Calculate h(-9).
-7
Let y(a) = -a**3 - 3*a**2 + 3*a - 4. Give y(-3).
-13
Let a(u) = -u**3 - 3*u**2 + 8*u + 7. Calculate a(-4).
-9
Let v(b) = -b**3 + 10*b**2 - 7*b + 1. What is v(9)?
19
Let l(c) = -c**3 + 3*c**2 + 3*c + 3. Determine l(-2).
17
Let w(k) = 5*k + 17. What is w(-8)?
-23
Let x(n) = n**3 - 9*n**2 + 25*n - 22. Determine x(5).
3
Let r(v) = 5*v + 31. Calculate r(-6).
1
Let u(x) = x**3 - 4*x. What is u(3)?
15
Let u(q) = q**3 + 6*q**2 + 4*q - 6. What is u(-4)?
10
Let y(c) = -2*c**2 - c - 4. What is y(-2)?
-10
Let v(m) = -m**2 - 8*m + 2. Calculate v(-8).
2
Let o(r) = -4*r**2 + 96*r + 100. What is o(25)?
0
Let x(h) = -h**3 - 15*h**2 - 57*h + 8. Calculate x(-7).
15
Let c(s) = -s**3 - 7*s**2 - 3*s + 13. Give c(-5).
-22
Let g(n) = n + 60. Calculate g(-12).
48
Let m(l) = -l**2 + 11*l - 13. Calculate m(9).
5
Let q(k) = k**3 + 9*k**2 + 9*k + 2. What is q(-8)?
-6
Let k(w) = 11*w + 38. Determine k(-6).
-28
Let s(q) = 3*q - 8. What is s(-15)?
-53
Let p(q) = -q**3 + 18*q**2 - 19*q + 32. Determine p(17).
-2
Let z(o) = -2*o**3 + 8*o**2 - 9*o - 7. Calculate z(4).
-43
Let a(n) = -3*n - 18. What is a(-7)?
3
Let f(o) = -o**3 - 9*o**2 + o + 17. What is f(-9)?
8
Let m(i) = 3*i**2 + 5*i - 7. What is m(2)?
15
Let k(v) = -v**3 - 17*v**2 - 15*v + 26. Determine k(-16).
10
Let i(q) = 2*q**3 + 19*q**2 + 4*q - 16. What is i(-9)?
29
Let j(g) = -6*g - 123. What is j(-22)?
9
Let a(s) = -s**3 + 4*s**2 + 7*s + 1. Calculate a(5).
11
Let w(y) = y**3 + 5*y**2 + 4. Calculate w(-5).
4
Let f(p) = 2*p**2 - 8*p - 2. Calculate f(7).
40
Let s(c) = -9*c + 18. Determine s(2).
0
Let q(m) = -29*m**2 - 4*m + 2. What is q(2)?
-122
Let b(s) = -7*s**2 - 4*s - 2. Calculate b(3).
-77
Let s(h) = 28*h + 5. Give s(1).
33
Let f(y) = -18*y**2 - 2*y + 1. Calculate f(1).
-19
Let u(m) = 3*m. Give u(3).
9
Let o(j) = j**2 + 3*j. Give o(-10).
70
Let k(a) = a**3 + 2*a**2 - 51*a - 186. Determine k(-4).
-14
Let s(a) = -a**3 - 2*a**2 - a - 1. Give s(-2).
1
Let s(h) = h**3 - h**2 - 35. Calculate s(0).
-35
Let r(d) = 170*d - 500. Give r(3).
10
Let m(q) = -q**3 + 13*q**2 - 10*q - 24. Calculate m(12).
0
Let y(b) = 4*b**2 + 2*b - 1. Calculate y(-2).
11
Let a(o) = -2*o**2 + 9*o - 4. Calculate a(5).
-9
Let d(j) = -2*j**3 + 11*j**2 + 23*j - 17. Calculate d(7).
-3
Let b(n) = -n - 11. Calculate b(-6).
-5
Let z(y) = 2*y - 4. Give z(-4).
-12
Let f(v) = -v**2 + 18*v + 15. Calculate f(19).
-4
Let q(a) = a**3 - 5*a**2 + 5*a - 11. Calculate q(5).
14
Let h(l) = -l**3 - 11*l**2 - 5*l - 26. Calculate h(-11).
29
Let l(d) = -14*d - 369. Calculate l(-28).
23
Let w(q) = q**2 - 16*q + 35. What is w(13)?
-4
Let q(t) = 35*t + 13. Give q(1).
48
Let o(b) = -b**2 - 10*b - 12. What is o(-8)?
4
Let s(h) = h**3 - 9*h**2 + 8*h + 6. Calculate s(7).
-36
Let w(h) = -h**2 + 8*h + 111. Give w(15).
6
Let u(l) = l**2 + 31*l + 152. What is u(-25)?
2
Let v(a) = 14*a + 1. What is v(-1)?
-13
Let s(y) = -y**3 + 22*y**2 + 49*y - 34. Calculate s(24).
-10
Let a(t) = -4*t - 4. Calculate a(2).
-12
Let k(z) = -z + 7. Determine k(-11).
18
Let y(t) = 2*t + 10. Calculate y(-6).
-2
Let f(d) = 2*d + 22. Calculate f(-9).
4
Let h(f) = f**3 + 24*f**2 + 44*f - 8. What is h(-22)?
-8
Let n(m) = -m**2 + 8*m + 8. Give n(9).
-1
Let x(m) = m**2 + 9*m - 6. What is x(-8)?
-14
Let r(u) = -u**3 - 7*u**2 - 8*u - 1. Determine r(-6).
11
Let z(d) = -d**2 + 3*d + 10. What is z(-5)?
-30
Let c(r) = -13*r**2 - 76*r - 9. Give c(-6).
-21
Let s(p) = p**2 + 15*p - 285. Calculate s(11).
1
Let i(q) = q**2 - 10*q - 55. Calculate i(-4).
1
Let i(g) = g + 94. Give i(-13).
81
Let f(k) = -k**2 - 6*k - 1. Give f(-3).
8
Let j(k) = -2*k + 11. Calculate j(7).
-3
Let a(k) = -k**3 - 17*k**2 - 12*k + 8. Calculate a(-16).
-56
Let z(c) = -10*c - 40. What is z(-11)?
70
Let k(o) = -2*o**3 + 2*o + 4. Determine k(-3).
52
Let k(v) = v**3 + 6*v**2 + 5*v - 2. What is k(-4)?
10
Let c(k) = -k**3 + k**2 + 2*k - 9. Give c(0).
-9
Let q(r) = r**3 + 15*r**2 + 26*r - 1. What is q(-13)?
-1
Let p(m) = 2*m**3 + 4*m**2 - 12*m + 2. What is p(2)?
10
Let h(c) = c**2 - 6*c - 42. Determine h(11).
13
Let k(q) = -q**2 + 8. What is k(-4)?
-8
Let p(t) = -2*t**2 - 9*t + 6. Calculate p(-8).
-50
Let r(y) = y - 4. Give r(-3).
-7
Let q(g) = g**3 + 6*g**2 - 1. Give q(-3).
26
Let l(f) = 3*f - 62. Determine l(25).
13
Let k(q) = 2*q**3 - 17*q - 11. Determine k(-5).
-176
Let y(l) = l**3 + 2*l**2 + 2*l + 1. Give y(-2).
-3
Let q(w) = -8*w**2 - 25*w + 11. Determine q(-5).
-64
Let z(y) = 5*y + 94. What is z(-20)?
-6
Let q(f) = -2*f - 8. Give q(-2).
-4
Let j(a) = 2*a**2 + 29*a - 17. What is j(-15)?
-2
Let o(n) = -n**3 + 4*n**2 + 13*n + 2. Give o(6).
8
Let h(m) = m**2 - 7*m - 12. Give h(8).
-4
Let q(x) = -38*x**2 - 2*x - 1. Determine q(-1).
-37
Let u(z) = -3*z**2 - 17*z - 12. Determine u(-5).
-2
Let w(z) = -7*z - 12. Calculate w(-4).
16
Let v(w) = -w**2 - 10*w + 8. Determine v(-10).
8
Let k(q) = q**3 - 11*q**2 - 26*q + 4. Calculate k(13).
4
Let r(o) = o**3 + 8*o**2 - 20*o - 5. Give r(-10).
-5
Let w(b) = 3*b**3 - 17*b**2 + 11*b + 3. Calculate w(5).
8
Let k(c) = -7*c - 19. What is k(9)?
-82
Let q(r) = -3*r + 12. Give q(5).
-3
Let d(q) = -q**2 + 8*q + 4. Determine d(4).
20
Let s(m) = -4*m + 30. Determine s(9).
-6
Let g(c) = c**3 + 17*c**2 - 19*c - 1. Give g(-18).
17
Let d(x) = -2*x**3 + 5*x**2 + 4*x - 10. Determine d(4).
-42
Let v(s) = s**2 - 10*s - 145. Calculate v(-8).
-1
Let v(t) = 3*t - 163. Determine v(43).
-34
Let h(l) = -l**2 + 5*l - 10. Calculate h(0).
-10
Let x(y) = -y**3 + y**2 + 3*y - 5. What is x(4)?
-41
Let g(r) = 7*r**2 - r - 2. What is g(-1)?
6
Let f(r) = r**2 + 23*r + 16. What is f(-22)?
-6
Let q(v) = v**3 - 15*v**2 - 10*v + 153. Calculate q(15).
3
Let t(r) = 8*r**3 - 2*r - 1. Calculate t(-1).
-7
Let q(o) = o**3 - 13*o**2 + 14*o - 18. Calculate q(12).
6
Let x(f) = f**2 - 9*f + 21. What is x(5)?
1
Let d(s) = s**2 + 22*s - 56. Give d(3).
19
Let h(g) = g**3 - 3*g**2 + g - 1. What is h(2)?
-3
Let l(u) = u**2